{"id":17,"date":"2023-04-18T13:48:52","date_gmt":"2023-04-18T13:48:52","guid":{"rendered":"https:\/\/magazinlucaffe.md\/?page_id=17"},"modified":"2023-04-27T07:53:54","modified_gmt":"2023-04-27T07:53:54","slug":"acasa","status":"publish","type":"page","link":"https:\/\/magazinlucaffe.md\/","title":{"rendered":"Acas\u0103"},"content":{"rendered":"\t\t<div data-elementor-type=\"wp-page\" data-elementor-id=\"17\" class=\"elementor elementor-17\">\n\t\t\t\t\t\t<section class=\"wd-negative-gap elementor-section elementor-top-section elementor-element elementor-element-6cd997e elementor-section-full_width elementor-section-stretched elementor-section-height-default elementor-section-height-default\" data-id=\"6cd997e\" data-element_type=\"section\" data-e-type=\"section\" data-settings=\"{&quot;stretch_section&quot;:&quot;section-stretched&quot;,&quot;background_background&quot;:&quot;classic&quot;}\">\n\t\t\t\t\t\t\t<div class=\"elementor-background-overlay\"><\/div>\n\t\t\t\t\t\t\t<div class=\"elementor-container elementor-column-gap-default\">\n\t\t\t\t\t<div class=\"elementor-column elementor-col-50 elementor-top-column elementor-element elementor-element-03f3439\" data-id=\"03f3439\" data-element_type=\"column\" data-e-type=\"column\">\n\t\t\t<div class=\"elementor-widget-wrap elementor-element-populated\">\n\t\t\t\t\t\t<div class=\"elementor-element elementor-element-abb7873 elementor-widget elementor-widget-heading\" data-id=\"abb7873\" data-element_type=\"widget\" data-e-type=\"widget\" data-widget_type=\"heading.default\">\n\t\t\t\t<div class=\"elementor-widget-container\">\n\t\t\t\t\t<h2 class=\"elementor-heading-title elementor-size-default\">Cafea LUCAFFE<\/h2>\t\t\t\t<\/div>\n\t\t\t\t<\/div>\n\t\t\t\t<div class=\"elementor-element elementor-element-176e95e color-scheme-inherit text-left elementor-widget elementor-widget-text-editor\" data-id=\"176e95e\" data-element_type=\"widget\" data-e-type=\"widget\" data-widget_type=\"text-editor.default\">\n\t\t\t\t<div class=\"elementor-widget-container\">\n\t\t\t\t\t\t\t\t\t<p>Reprezentantul general al cafelei Lucaffe in Moldova &#8211; doar noi avem cafea originala Lucaffe la cele mai bune preturi!<\/p>\t\t\t\t\t\t\t\t<\/div>\n\t\t\t\t<\/div>\n\t\t\t\t<div class=\"elementor-element elementor-element-c592a23 elementor-widget elementor-widget-wd_button\" data-id=\"c592a23\" data-element_type=\"widget\" data-e-type=\"widget\" data-widget_type=\"wd_button.default\">\n\t\t\t\t<div class=\"elementor-widget-container\">\n\t\t\t\t\t\t\t<div class=\"wd-button-wrapper text-left\" >\n\t\t\t<a class=\"btn btn-style-default btn-shape-rectangle btn-size-default btn-icon-pos-right\"  href=\"https:\/\/magazinlucaffe.md\/?page_id=9\" style=\"--btn-color:#fff;\">\n\t\t\t\t<span class=\"wd-btn-text\" data-elementor-setting-key=\"text\">\n\t\t\t\t\tMagazin\t\t\t\t<\/span>\n\n\t\t\t\t\t\t\t<\/a>\n\t\t<\/div>\n\t\t\t\t\t\t<\/div>\n\t\t\t\t<\/div>\n\t\t\t\t\t<\/div>\n\t\t<\/div>\n\t\t\t\t<div class=\"elementor-column elementor-col-50 elementor-top-column elementor-element elementor-element-8309793\" data-id=\"8309793\" data-element_type=\"column\" data-e-type=\"column\">\n\t\t\t<div class=\"elementor-widget-wrap\">\n\t\t\t\t\t\t\t<\/div>\n\t\t<\/div>\n\t\t\t\t\t<\/div>\n\t\t<\/section>\n\t\t\t\t<section class=\"wd-negative-gap elementor-section elementor-top-section elementor-element elementor-element-b93b6a5 elementor-section-boxed elementor-section-height-default elementor-section-height-default\" data-id=\"b93b6a5\" data-element_type=\"section\" data-e-type=\"section\">\n\t\t\t\t\t\t<div class=\"elementor-container elementor-column-gap-default\">\n\t\t\t\t\t<div class=\"elementor-column elementor-col-100 elementor-top-column elementor-element elementor-element-e92e0a6\" data-id=\"e92e0a6\" data-element_type=\"column\" data-e-type=\"column\">\n\t\t\t<div class=\"elementor-widget-wrap elementor-element-populated\">\n\t\t\t\t\t\t<div class=\"elementor-element elementor-element-022c42e elementor-widget elementor-widget-heading\" data-id=\"022c42e\" data-element_type=\"widget\" data-e-type=\"widget\" data-widget_type=\"heading.default\">\n\t\t\t\t<div class=\"elementor-widget-container\">\n\t\t\t\t\t<h2 class=\"elementor-heading-title elementor-size-default\">PRODOTTI Lucaffe\u0300<\/h2>\t\t\t\t<\/div>\n\t\t\t\t<\/div>\n\t\t\t\t<div class=\"elementor-element elementor-element-690b10b wd-width-100 wd-nav-accordion-mb-on elementor-widget elementor-widget-wd_product_categories\" data-id=\"690b10b\" data-element_type=\"widget\" data-e-type=\"widget\" data-widget_type=\"wd_product_categories.default\">\n\t\t\t\t<div class=\"elementor-widget-container\">\n\t\t\t\t\t\t\t\t\t\t\t\t\t\t\n\t\t\t\t<div class=\"wd-cats-element\">\n\t\t\t\t\t<div class=\"wd-grid-g wd-cats products columns-4 elements-grid\" style=\"--wd-col-lg:4;--wd-col-md:4;--wd-col-sm:2;--wd-gap-lg:20px;--wd-gap-sm:10px;\">\n\t\t\t\t\t\t\t\t\t\t\t\t\t\n<div class=\"wd-col category-grid-item wd-cat cat-design-alt categories-with-shadow wd-with-subcat product-category product first\" data-loop=\"1\">\n\t\n\t<div class=\"wd-cat-inner wrapp-category\">\n\t\t<div class=\"wd-cat-thumb category-image-wrapp\">\n\t\t\t<a class=\"wd-cat-image category-image\" href=\"https:\/\/magazinlucaffe.md\/?product_cat=sacchetti\" aria-label=\"Sacchetti\">\n\t\t\t\t\n\t\t\t\t<img loading=\"lazy\" decoding=\"async\" width=\"1000\" height=\"1000\" src=\"https:\/\/magazinlucaffe.md\/wp-content\/uploads\/2023\/04\/8.jpg\" class=\"attachment-large size-large\" alt=\"\" srcset=\"https:\/\/magazinlucaffe.md\/wp-content\/uploads\/2023\/04\/8.jpg 1000w, https:\/\/magazinlucaffe.md\/wp-content\/uploads\/2023\/04\/8-300x300.jpg 300w, https:\/\/magazinlucaffe.md\/wp-content\/uploads\/2023\/04\/8-150x150.jpg 150w, https:\/\/magazinlucaffe.md\/wp-content\/uploads\/2023\/04\/8-768x768.jpg 768w, https:\/\/magazinlucaffe.md\/wp-content\/uploads\/2023\/04\/8-600x600.jpg 600w\" sizes=\"auto, (max-width: 1000px) 100vw, 1000px\" \/>\t\t\t<\/a>\n\t\t<\/div>\n\t\t<div class=\"wd-cat-content hover-mask\">\n\t\t\t<h3 class=\"wd-entities-title\">\n\t\t\t\tSacchetti\t\t\t<\/h3>\n\n\t\t\t\t\t\t\t<div class=\"wd-cat-count more-products\">\n\t\t\t\t\t<a href=\"https:\/\/magazinlucaffe.md\/?product_cat=sacchetti\">\n\t\t\t\t\t10 products\t\t\t\t\t<\/a>\n\t\t\t\t<\/div>\n\t\t\t\n\t\t\t\t\t<\/div>\n\n\t\t\t\t<a class=\"wd-fill category-link\" href=\"https:\/\/magazinlucaffe.md\/?product_cat=sacchetti\" aria-label=\"Product category sacchetti\"><\/a>\n\t\t\t<\/div>\n\n\t<\/div>\n\t\t\t\t\t\t\t\t\t\t\t\t\t\n<div class=\"wd-col category-grid-item wd-cat cat-design-alt categories-with-shadow wd-with-subcat product-category product\" data-loop=\"2\">\n\t\n\t<div class=\"wd-cat-inner wrapp-category\">\n\t\t<div class=\"wd-cat-thumb category-image-wrapp\">\n\t\t\t<a class=\"wd-cat-image category-image\" href=\"https:\/\/magazinlucaffe.md\/?product_cat=dispenser\" aria-label=\"Dispenser\">\n\t\t\t\t\n\t\t\t\t<img loading=\"lazy\" decoding=\"async\" width=\"1000\" height=\"1000\" src=\"https:\/\/magazinlucaffe.md\/wp-content\/uploads\/2023\/04\/7.jpg\" class=\"attachment-large size-large\" alt=\"\" srcset=\"https:\/\/magazinlucaffe.md\/wp-content\/uploads\/2023\/04\/7.jpg 1000w, https:\/\/magazinlucaffe.md\/wp-content\/uploads\/2023\/04\/7-300x300.jpg 300w, https:\/\/magazinlucaffe.md\/wp-content\/uploads\/2023\/04\/7-150x150.jpg 150w, https:\/\/magazinlucaffe.md\/wp-content\/uploads\/2023\/04\/7-768x768.jpg 768w, https:\/\/magazinlucaffe.md\/wp-content\/uploads\/2023\/04\/7-600x600.jpg 600w\" sizes=\"auto, (max-width: 1000px) 100vw, 1000px\" \/>\t\t\t<\/a>\n\t\t<\/div>\n\t\t<div class=\"wd-cat-content hover-mask\">\n\t\t\t<h3 class=\"wd-entities-title\">\n\t\t\t\tDispenser\t\t\t<\/h3>\n\n\t\t\t\t\t\t\t<div class=\"wd-cat-count more-products\">\n\t\t\t\t\t<a href=\"https:\/\/magazinlucaffe.md\/?product_cat=dispenser\">\n\t\t\t\t\t7 products\t\t\t\t\t<\/a>\n\t\t\t\t<\/div>\n\t\t\t\n\t\t\t\t\t<\/div>\n\n\t\t\t\t<a class=\"wd-fill category-link\" href=\"https:\/\/magazinlucaffe.md\/?product_cat=dispenser\" aria-label=\"Product category dispenser\"><\/a>\n\t\t\t<\/div>\n\n\t<\/div>\n\t\t\t\t\t\t\t\t\t\t\t\t\t\n<div class=\"wd-col category-grid-item wd-cat cat-design-alt categories-with-shadow wd-with-subcat product-category product\" data-loop=\"3\">\n\t\n\t<div class=\"wd-cat-inner wrapp-category\">\n\t\t<div class=\"wd-cat-thumb category-image-wrapp\">\n\t\t\t<a class=\"wd-cat-image category-image\" href=\"https:\/\/magazinlucaffe.md\/?product_cat=cialde\" aria-label=\"Cialde\">\n\t\t\t\t\n\t\t\t\t<img loading=\"lazy\" decoding=\"async\" width=\"1000\" height=\"1000\" src=\"https:\/\/magazinlucaffe.md\/wp-content\/uploads\/2023\/04\/6.jpg\" class=\"attachment-large size-large\" alt=\"\" srcset=\"https:\/\/magazinlucaffe.md\/wp-content\/uploads\/2023\/04\/6.jpg 1000w, https:\/\/magazinlucaffe.md\/wp-content\/uploads\/2023\/04\/6-300x300.jpg 300w, https:\/\/magazinlucaffe.md\/wp-content\/uploads\/2023\/04\/6-150x150.jpg 150w, https:\/\/magazinlucaffe.md\/wp-content\/uploads\/2023\/04\/6-768x768.jpg 768w, https:\/\/magazinlucaffe.md\/wp-content\/uploads\/2023\/04\/6-600x600.jpg 600w\" sizes=\"auto, (max-width: 1000px) 100vw, 1000px\" \/>\t\t\t<\/a>\n\t\t<\/div>\n\t\t<div class=\"wd-cat-content hover-mask\">\n\t\t\t<h3 class=\"wd-entities-title\">\n\t\t\t\tCialde\t\t\t<\/h3>\n\n\t\t\t\t\t\t\t<div class=\"wd-cat-count more-products\">\n\t\t\t\t\t<a href=\"https:\/\/magazinlucaffe.md\/?product_cat=cialde\">\n\t\t\t\t\t12 products\t\t\t\t\t<\/a>\n\t\t\t\t<\/div>\n\t\t\t\n\t\t\t\t\t<\/div>\n\n\t\t\t\t<a class=\"wd-fill category-link\" href=\"https:\/\/magazinlucaffe.md\/?product_cat=cialde\" aria-label=\"Product category cialde\"><\/a>\n\t\t\t<\/div>\n\n\t<\/div>\n\t\t\t\t\t\t\t\t\t\t\t\t\t\n<div class=\"wd-col category-grid-item wd-cat cat-design-alt categories-with-shadow wd-with-subcat product-category product last\" data-loop=\"4\">\n\t\n\t<div class=\"wd-cat-inner wrapp-category\">\n\t\t<div class=\"wd-cat-thumb category-image-wrapp\">\n\t\t\t<a class=\"wd-cat-image category-image\" href=\"https:\/\/magazinlucaffe.md\/?product_cat=barattoli\" aria-label=\"Barattoli\">\n\t\t\t\t\n\t\t\t\t<img loading=\"lazy\" decoding=\"async\" width=\"1000\" height=\"1000\" src=\"https:\/\/magazinlucaffe.md\/wp-content\/uploads\/2023\/04\/5.jpg\" class=\"attachment-large size-large\" alt=\"\" srcset=\"https:\/\/magazinlucaffe.md\/wp-content\/uploads\/2023\/04\/5.jpg 1000w, https:\/\/magazinlucaffe.md\/wp-content\/uploads\/2023\/04\/5-300x300.jpg 300w, https:\/\/magazinlucaffe.md\/wp-content\/uploads\/2023\/04\/5-150x150.jpg 150w, https:\/\/magazinlucaffe.md\/wp-content\/uploads\/2023\/04\/5-768x768.jpg 768w, https:\/\/magazinlucaffe.md\/wp-content\/uploads\/2023\/04\/5-600x600.jpg 600w\" sizes=\"auto, (max-width: 1000px) 100vw, 1000px\" \/>\t\t\t<\/a>\n\t\t<\/div>\n\t\t<div class=\"wd-cat-content hover-mask\">\n\t\t\t<h3 class=\"wd-entities-title\">\n\t\t\t\tBarattoli\t\t\t<\/h3>\n\n\t\t\t\t\t\t\t<div class=\"wd-cat-count more-products\">\n\t\t\t\t\t<a href=\"https:\/\/magazinlucaffe.md\/?product_cat=barattoli\">\n\t\t\t\t\t26 products\t\t\t\t\t<\/a>\n\t\t\t\t<\/div>\n\t\t\t\n\t\t\t\t\t<\/div>\n\n\t\t\t\t<a class=\"wd-fill category-link\" href=\"https:\/\/magazinlucaffe.md\/?product_cat=barattoli\" aria-label=\"Product category barattoli\"><\/a>\n\t\t\t<\/div>\n\n\t<\/div>\n\t\t\t\t\t\t\t\t\t\t\t<\/div>\n\t\t\t\t<\/div>\n\t\t\t\t\t\t\t\t\t\t\t<\/div>\n\t\t\t\t<\/div>\n\t\t\t\t\t<\/div>\n\t\t<\/div>\n\t\t\t\t\t<\/div>\n\t\t<\/section>\n\t\t\t\t<section class=\"wd-negative-gap elementor-section elementor-top-section elementor-element elementor-element-3bf4d94 elementor-section-boxed elementor-section-height-default elementor-section-height-default\" data-id=\"3bf4d94\" data-element_type=\"section\" data-e-type=\"section\">\n\t\t\t\t\t\t<div class=\"elementor-container elementor-column-gap-default\">\n\t\t\t\t\t<div class=\"elementor-column elementor-col-100 elementor-top-column elementor-element elementor-element-b871895\" data-id=\"b871895\" data-element_type=\"column\" data-e-type=\"column\">\n\t\t\t<div class=\"elementor-widget-wrap elementor-element-populated\">\n\t\t\t\t\t\t<div class=\"elementor-element elementor-element-8774920 elementor-widget elementor-widget-heading\" data-id=\"8774920\" data-element_type=\"widget\" data-e-type=\"widget\" data-widget_type=\"heading.default\">\n\t\t\t\t<div class=\"elementor-widget-container\">\n\t\t\t\t\t<h2 class=\"elementor-heading-title elementor-size-default\">Ma\u0219ini de cafea<\/h2>\t\t\t\t<\/div>\n\t\t\t\t<\/div>\n\t\t\t\t<div class=\"elementor-element elementor-element-82be437 wd-width-100 wd-nav-accordion-mb-on elementor-widget elementor-widget-wd_product_categories\" data-id=\"82be437\" data-element_type=\"widget\" data-e-type=\"widget\" data-widget_type=\"wd_product_categories.default\">\n\t\t\t\t<div class=\"elementor-widget-container\">\n\t\t\t\t\t\t\t\t\t\t\t\t\t\t\n\t\t\t\t<div class=\"wd-cats-element\">\n\t\t\t\t\t<div class=\"wd-grid-g wd-cats products columns-4 elements-grid\" style=\"--wd-col-lg:4;--wd-col-md:4;--wd-col-sm:2;--wd-gap-lg:20px;--wd-gap-sm:10px;\">\n\t\t\t\t\t\t\t\t\t\t\t\t\t\n<div class=\"wd-col category-grid-item wd-cat cat-design-alt categories-with-shadow wd-with-subcat product-category product first\" data-loop=\"1\">\n\t\n\t<div class=\"wd-cat-inner wrapp-category\">\n\t\t<div class=\"wd-cat-thumb category-image-wrapp\">\n\t\t\t<a class=\"wd-cat-image category-image\" href=\"https:\/\/magazinlucaffe.md\/?product_cat=masini-de-cafea\" aria-label=\"Ma\u0219ini de cafea\">\n\t\t\t\t\n\t\t\t\t<img loading=\"lazy\" decoding=\"async\" width=\"1000\" height=\"1000\" src=\"https:\/\/magazinlucaffe.md\/wp-content\/uploads\/2023\/04\/title.jpg\" class=\"attachment-large size-large\" alt=\"\" srcset=\"https:\/\/magazinlucaffe.md\/wp-content\/uploads\/2023\/04\/title.jpg 1000w, https:\/\/magazinlucaffe.md\/wp-content\/uploads\/2023\/04\/title-300x300.jpg 300w, https:\/\/magazinlucaffe.md\/wp-content\/uploads\/2023\/04\/title-150x150.jpg 150w, https:\/\/magazinlucaffe.md\/wp-content\/uploads\/2023\/04\/title-768x768.jpg 768w, https:\/\/magazinlucaffe.md\/wp-content\/uploads\/2023\/04\/title-600x600.jpg 600w\" sizes=\"auto, (max-width: 1000px) 100vw, 1000px\" \/>\t\t\t<\/a>\n\t\t<\/div>\n\t\t<div class=\"wd-cat-content hover-mask\">\n\t\t\t<h3 class=\"wd-entities-title\">\n\t\t\t\tMa\u0219ini de cafea\t\t\t<\/h3>\n\n\t\t\t\t\t\t\t<div class=\"wd-cat-count more-products\">\n\t\t\t\t\t<a href=\"https:\/\/magazinlucaffe.md\/?product_cat=masini-de-cafea\">\n\t\t\t\t\t5 products\t\t\t\t\t<\/a>\n\t\t\t\t<\/div>\n\t\t\t\n\t\t\t\t\t<\/div>\n\n\t\t\t\t<a class=\"wd-fill category-link\" href=\"https:\/\/magazinlucaffe.md\/?product_cat=masini-de-cafea\" aria-label=\"Product category masini-de-cafea\"><\/a>\n\t\t\t<\/div>\n\n\t<\/div>\n\t\t\t\t\t\t\t\t\t\t\t<\/div>\n\t\t\t\t<\/div>\n\t\t\t\t\t\t\t\t\t\t\t<\/div>\n\t\t\t\t<\/div>\n\t\t\t\t\t<\/div>\n\t\t<\/div>\n\t\t\t\t\t<\/div>\n\t\t<\/section>\n\t\t\t\t<section class=\"wd-negative-gap elementor-section elementor-top-section elementor-element elementor-element-23f9cde elementor-section-boxed elementor-section-height-default elementor-section-height-default\" data-id=\"23f9cde\" data-element_type=\"section\" data-e-type=\"section\">\n\t\t\t\t\t\t<div class=\"elementor-container elementor-column-gap-default\">\n\t\t\t\t\t<div class=\"elementor-column elementor-col-100 elementor-top-column elementor-element elementor-element-0c02a50\" data-id=\"0c02a50\" data-element_type=\"column\" data-e-type=\"column\">\n\t\t\t<div class=\"elementor-widget-wrap elementor-element-populated\">\n\t\t\t\t\t\t<div class=\"elementor-element elementor-element-6487be9 elementor-widget elementor-widget-heading\" data-id=\"6487be9\" data-element_type=\"widget\" data-e-type=\"widget\" data-widget_type=\"heading.default\">\n\t\t\t\t<div class=\"elementor-widget-container\">\n\t\t\t\t\t<h2 class=\"elementor-heading-title elementor-size-default\">Gadget<\/h2>\t\t\t\t<\/div>\n\t\t\t\t<\/div>\n\t\t\t\t<div class=\"elementor-element elementor-element-412dde5 wd-width-100 wd-nav-accordion-mb-on elementor-widget elementor-widget-wd_product_categories\" data-id=\"412dde5\" data-element_type=\"widget\" data-e-type=\"widget\" data-widget_type=\"wd_product_categories.default\">\n\t\t\t\t<div class=\"elementor-widget-container\">\n\t\t\t\t\t\t\t\t\t\t\t\t\t\t\n\t\t\t\t<div class=\"wd-cats-element\">\n\t\t\t\t\t<div class=\"wd-grid-g wd-cats products columns-4 elements-grid\" style=\"--wd-col-lg:4;--wd-col-md:4;--wd-col-sm:2;--wd-gap-lg:20px;--wd-gap-sm:10px;\">\n\t\t\t\t\t\t\t\t\t\t\t\t\t\n<div class=\"wd-col category-grid-item wd-cat cat-design-alt categories-with-shadow wd-with-subcat product-category product first\" data-loop=\"1\">\n\t\n\t<div class=\"wd-cat-inner wrapp-category\">\n\t\t<div class=\"wd-cat-thumb category-image-wrapp\">\n\t\t\t<a class=\"wd-cat-image category-image\" href=\"https:\/\/magazinlucaffe.md\/?product_cat=penna\" aria-label=\"Penna\">\n\t\t\t\t\n\t\t\t\t<img loading=\"lazy\" decoding=\"async\" width=\"1000\" height=\"1000\" src=\"https:\/\/magazinlucaffe.md\/wp-content\/uploads\/2023\/04\/1.jpg\" class=\"attachment-large size-large\" alt=\"\" srcset=\"https:\/\/magazinlucaffe.md\/wp-content\/uploads\/2023\/04\/1.jpg 1000w, https:\/\/magazinlucaffe.md\/wp-content\/uploads\/2023\/04\/1-300x300.jpg 300w, https:\/\/magazinlucaffe.md\/wp-content\/uploads\/2023\/04\/1-150x150.jpg 150w, https:\/\/magazinlucaffe.md\/wp-content\/uploads\/2023\/04\/1-768x768.jpg 768w, https:\/\/magazinlucaffe.md\/wp-content\/uploads\/2023\/04\/1-600x600.jpg 600w\" sizes=\"auto, (max-width: 1000px) 100vw, 1000px\" \/>\t\t\t<\/a>\n\t\t<\/div>\n\t\t<div class=\"wd-cat-content hover-mask\">\n\t\t\t<h3 class=\"wd-entities-title\">\n\t\t\t\tPenna\t\t\t<\/h3>\n\n\t\t\t\t\t\t\t<div class=\"wd-cat-count more-products\">\n\t\t\t\t\t<a href=\"https:\/\/magazinlucaffe.md\/?product_cat=penna\">\n\t\t\t\t\t6 products\t\t\t\t\t<\/a>\n\t\t\t\t<\/div>\n\t\t\t\n\t\t\t\t\t<\/div>\n\n\t\t\t\t<a class=\"wd-fill category-link\" href=\"https:\/\/magazinlucaffe.md\/?product_cat=penna\" aria-label=\"Product category penna\"><\/a>\n\t\t\t<\/div>\n\n\t<\/div>\n\t\t\t\t\t\t\t\t\t\t\t\t\t\n<div class=\"wd-col category-grid-item wd-cat cat-design-alt categories-with-shadow wd-with-subcat product-category product\" data-loop=\"2\">\n\t\n\t<div class=\"wd-cat-inner wrapp-category\">\n\t\t<div class=\"wd-cat-thumb category-image-wrapp\">\n\t\t\t<a class=\"wd-cat-image category-image\" href=\"https:\/\/magazinlucaffe.md\/?product_cat=foto-vassoi\" aria-label=\"FOTO VASSOI\">\n\t\t\t\t\n\t\t\t\t<img loading=\"lazy\" decoding=\"async\" width=\"1000\" height=\"1000\" src=\"https:\/\/magazinlucaffe.md\/wp-content\/uploads\/2023\/04\/3.jpg\" class=\"attachment-large size-large\" alt=\"\" srcset=\"https:\/\/magazinlucaffe.md\/wp-content\/uploads\/2023\/04\/3.jpg 1000w, https:\/\/magazinlucaffe.md\/wp-content\/uploads\/2023\/04\/3-300x300.jpg 300w, https:\/\/magazinlucaffe.md\/wp-content\/uploads\/2023\/04\/3-150x150.jpg 150w, https:\/\/magazinlucaffe.md\/wp-content\/uploads\/2023\/04\/3-768x768.jpg 768w, https:\/\/magazinlucaffe.md\/wp-content\/uploads\/2023\/04\/3-600x600.jpg 600w\" sizes=\"auto, (max-width: 1000px) 100vw, 1000px\" \/>\t\t\t<\/a>\n\t\t<\/div>\n\t\t<div class=\"wd-cat-content hover-mask\">\n\t\t\t<h3 class=\"wd-entities-title\">\n\t\t\t\tFOTO VASSOI\t\t\t<\/h3>\n\n\t\t\t\t\t\t\t<div class=\"wd-cat-count more-products\">\n\t\t\t\t\t<a href=\"https:\/\/magazinlucaffe.md\/?product_cat=foto-vassoi\">\n\t\t\t\t\t3 products\t\t\t\t\t<\/a>\n\t\t\t\t<\/div>\n\t\t\t\n\t\t\t\t\t<\/div>\n\n\t\t\t\t<a class=\"wd-fill category-link\" href=\"https:\/\/magazinlucaffe.md\/?product_cat=foto-vassoi\" aria-label=\"Product category foto-vassoi\"><\/a>\n\t\t\t<\/div>\n\n\t<\/div>\n\t\t\t\t\t\t\t\t\t\t\t\t\t\n<div class=\"wd-col category-grid-item wd-cat cat-design-alt categories-with-shadow wd-with-subcat product-category product\" data-loop=\"3\">\n\t\n\t<div class=\"wd-cat-inner wrapp-category\">\n\t\t<div class=\"wd-cat-thumb category-image-wrapp\">\n\t\t\t<a class=\"wd-cat-image category-image\" href=\"https:\/\/magazinlucaffe.md\/?product_cat=cucchiaini\" aria-label=\"Cucchiaini\">\n\t\t\t\t\n\t\t\t\t<img loading=\"lazy\" decoding=\"async\" width=\"1000\" height=\"1000\" src=\"https:\/\/magazinlucaffe.md\/wp-content\/uploads\/2023\/04\/2.jpg\" class=\"attachment-large size-large\" alt=\"\" srcset=\"https:\/\/magazinlucaffe.md\/wp-content\/uploads\/2023\/04\/2.jpg 1000w, https:\/\/magazinlucaffe.md\/wp-content\/uploads\/2023\/04\/2-300x300.jpg 300w, https:\/\/magazinlucaffe.md\/wp-content\/uploads\/2023\/04\/2-150x150.jpg 150w, https:\/\/magazinlucaffe.md\/wp-content\/uploads\/2023\/04\/2-768x768.jpg 768w, https:\/\/magazinlucaffe.md\/wp-content\/uploads\/2023\/04\/2-600x600.jpg 600w\" sizes=\"auto, (max-width: 1000px) 100vw, 1000px\" \/>\t\t\t<\/a>\n\t\t<\/div>\n\t\t<div class=\"wd-cat-content hover-mask\">\n\t\t\t<h3 class=\"wd-entities-title\">\n\t\t\t\tCucchiaini\t\t\t<\/h3>\n\n\t\t\t\t\t\t\t<div class=\"wd-cat-count more-products\">\n\t\t\t\t\t<a href=\"https:\/\/magazinlucaffe.md\/?product_cat=cucchiaini\">\n\t\t\t\t\t4 products\t\t\t\t\t<\/a>\n\t\t\t\t<\/div>\n\t\t\t\n\t\t\t\t\t<\/div>\n\n\t\t\t\t<a class=\"wd-fill category-link\" href=\"https:\/\/magazinlucaffe.md\/?product_cat=cucchiaini\" aria-label=\"Product category cucchiaini\"><\/a>\n\t\t\t<\/div>\n\n\t<\/div>\n\t\t\t\t\t\t\t\t\t\t\t<\/div>\n\t\t\t\t<\/div>\n\t\t\t\t\t\t\t\t\t\t\t<\/div>\n\t\t\t\t<\/div>\n\t\t\t\t\t<\/div>\n\t\t<\/div>\n\t\t\t\t\t<\/div>\n\t\t<\/section>\n\t\t\t\t<section class=\"wd-negative-gap elementor-section elementor-top-section elementor-element elementor-element-084e239 elementor-section-boxed elementor-section-height-default elementor-section-height-default\" data-id=\"084e239\" data-element_type=\"section\" data-e-type=\"section\">\n\t\t\t\t\t\t<div class=\"elementor-container elementor-column-gap-default\">\n\t\t\t\t\t<div class=\"elementor-column elementor-col-100 elementor-top-column elementor-element elementor-element-3738a85\" data-id=\"3738a85\" data-element_type=\"column\" data-e-type=\"column\">\n\t\t\t<div class=\"elementor-widget-wrap elementor-element-populated\">\n\t\t\t\t\t\t<div class=\"elementor-element elementor-element-a3ca8f2 elementor-widget elementor-widget-heading\" data-id=\"a3ca8f2\" data-element_type=\"widget\" data-e-type=\"widget\" data-widget_type=\"heading.default\">\n\t\t\t\t<div class=\"elementor-widget-container\">\n\t\t\t\t\t<h2 class=\"elementor-heading-title elementor-size-default\">Despre noi<\/h2>\t\t\t\t<\/div>\n\t\t\t\t<\/div>\n\t\t\t\t<div class=\"elementor-element elementor-element-64f68af color-scheme-inherit text-left elementor-widget elementor-widget-text-editor\" data-id=\"64f68af\" data-element_type=\"widget\" data-e-type=\"widget\" data-widget_type=\"text-editor.default\">\n\t\t\t\t<div class=\"elementor-widget-container\">\n\t\t\t\t\t\t\t\t\t<p>Ne face pl\u0103cere s\u0103 v\u0103 prezent\u0103m marca de cafea Lucaffe din Moldova. Este aceast\u0103 cafea care v\u0103 va umple casa cu o arom\u0103 \u00eemb\u0103t\u0103toare \u0219i v\u0103 va oferi un gust unic. Iar vesela noastr\u0103 original\u0103 v\u0103 va ajuta s\u0103 sublinia\u021bi atmosfera de confort, c\u0103ldur\u0103 \u0219i confort.<\/p><p>Sub conducerea t\u00e2n\u0103rului domnul Venturelli, \u00eenc\u0103 din a doua jum\u0103tate a anilor 90, compania a crescut la o asemenea amploare \u00eenc\u00e2t este \u00een prezent unul dintre cele mai cunoscute magazine de pr\u0103jire \u0219i ambalare a cafelei din nordul Italiei. Venturelli a intrat \u00een lumea tradi\u021bional\u0103 a cafelei, concentr\u00e2ndu-se pe o pia\u021b\u0103 t\u00e2n\u0103r\u0103 \u0219i \u00eentreprinz\u0103toare &#8211; comer\u021bul cu chalda, care a provocat o revolu\u021bie \u00een modul de preparare a cafelei.<\/p><p>De fapt, Chalda con\u021bine o por\u021bie de cafea pr\u0103jit\u0103 m\u0103cinat\u0103 \u00eentr-un pachet de h\u00e2rtie alimentar\u0103, ceea ce \u00eel face ideal pentru a face un espresso grozav.<\/p><p>Se acord\u0103 o aten\u021bie considerabil\u0103 ambalajului \u0219i designului fiec\u0103rui produs, iar \u00eentreaga gam\u0103 de cafea este adaptat\u0103 diferitelor cerin\u021be. Procesul de prelucrare \u00eencepe cu achizi\u021bionarea de materii prime de calitate aleas\u0103, iar aceast\u0103 etap\u0103 este supravegheat\u0103 personal de domnul Venturelli. Urmeaz\u0103 pr\u0103jirea tradi\u021bional\u0103 a cafelei la temperatur\u0103 sc\u0103zut\u0103, m\u0103cinarea f\u0103r\u0103 \u00eenc\u0103lzire, amestecarea \u0219i ambalarea temeinic\u0103, dar numai atunci c\u00e2nd produsul finit are gradul de coacere corespunz\u0103tor. S-a scris mult despre cafeaua Lucaffe pe forumurile de pe Internet, mai ales \u00een Europa de Vest. Treptat, aceast\u0103 cafea \u00ee\u0219i g\u0103se\u0219te fani \u0219i \u00een Moldova. Toate cafelele Lucaff\u00e9 sunt un exemplu clasic de cafea italian\u0103 cu pr\u0103jire lent\u0103, rezult\u00e2nd o arom\u0103 moale, u\u0219or picant \u0219i note de ciocolat\u0103.<\/p>\t\t\t\t\t\t\t\t<\/div>\n\t\t\t\t<\/div>\n\t\t\t\t\t<\/div>\n\t\t<\/div>\n\t\t\t\t\t<\/div>\n\t\t<\/section>\n\t\t\t\t<\/div>\n\t\t","protected":false},"excerpt":{"rendered":"<p>Cafea LUCAFFE Reprezentantul general al cafelei Lucaffe in Moldova &#8211; doar noi avem cafea originala Lucaffe la cele mai bune<\/p>\n","protected":false},"author":1,"featured_media":0,"parent":0,"menu_order":0,"comment_status":"closed","ping_status":"closed","template":"","meta":{"footnotes":""},"class_list":["post-17","page","type-page","status-publish","hentry"],"_links":{"self":[{"href":"https:\/\/magazinlucaffe.md\/index.php?rest_route=\/wp\/v2\/pages\/17","targetHints":{"allow":["GET"]}}],"collection":[{"href":"https:\/\/magazinlucaffe.md\/index.php?rest_route=\/wp\/v2\/pages"}],"about":[{"href":"https:\/\/magazinlucaffe.md\/index.php?rest_route=\/wp\/v2\/types\/page"}],"author":[{"embeddable":true,"href":"https:\/\/magazinlucaffe.md\/index.php?rest_route=\/wp\/v2\/users\/1"}],"replies":[{"embeddable":true,"href":"https:\/\/magazinlucaffe.md\/index.php?rest_route=%2Fwp%2Fv2%2Fcomments&post=17"}],"version-history":[{"count":22,"href":"https:\/\/magazinlucaffe.md\/index.php?rest_route=\/wp\/v2\/pages\/17\/revisions"}],"predecessor-version":[{"id":351,"href":"https:\/\/magazinlucaffe.md\/index.php?rest_route=\/wp\/v2\/pages\/17\/revisions\/351"}],"wp:attachment":[{"href":"https:\/\/magazinlucaffe.md\/index.php?rest_route=%2Fwp%2Fv2%2Fmedia&parent=17"}],"curies":[{"name":"wp","href":"https:\/\/api.w.org\/{rel}","templated":true}]}}